)/((20460/352)/155). Suppose -2*j + 3 = j. What is the greatest common factor of j and c?
1
Let p be ((-12)/10)/((-399)/(-2660)). Let d(m) = -m**2 - 4*m. Let i be d(-2). Let t be p*(i/28 - (-43)/(-7)). Calculate the greatest common factor of 6 and t.
6
Let z be 14/(140/110) + 2. What is the highest common factor of 43 and z?
1
Suppose -37*j - 7582 = -7656. What is the greatest common divisor of 2934 and j?
2
Let v be 157/1 - (4 + -18)/(-7). Suppose -v + 45 = -22*u. What is the greatest common factor of 605 and u?
5
Let y be 222/11 + 2/(-11). Let n(a) = 5*a**2 - 5*a + 11. Let v be n(4). Let f = 79 - v. What is the greatest common factor of y and f?
4
Let n = -3917 + 4061. What is the greatest common divisor of n and 114?
6
Let h = 4932 + -3304. What is the greatest common factor of 296 and h?
148
Suppose 0*r - 24 = -2*r. Suppose -33*n + 1575 = 12*n. Suppose -n*b + 16*b + 1140 = 0. What is the greatest common divisor of r and b?
12
Suppose -227 = 65*c - 64*c. Let t = c - -265. What is the highest common factor of 133 and t?
19
Let b = -138 + 140. Let t(p) = -p - 1. Let f be t(-6). Suppose 3*r - 2 = b*y + 2, 0 = f*y + r - 24. What is the highest common divisor of 52 and y?
4
Let f be 1/(1/((-4)/(-2))). Let p be ((-20)/f)/(-19 + 17). Suppose -230 = -3*c + 5*w, p*w + 65 = 2*c - 90. What is the greatest common divisor of c and 30?
15
Suppose -f = -15 + 12. Suppose 0 = 2*u - 5*i - 33, 3*u + 8*i - 12 = f*i. Suppose -2*b - 18 = -4*b. What is the highest common factor of u and b?
9
Let m = 23145 + -15155. Calculate the highest common divisor of m and 102.
34
Let u(a) = -106*a - 826. Let c be u(-29). What is the greatest common divisor of 8 and c?
8
Let c = -908 + 1312. Calculate the highest common divisor of c and 909.
101
Suppose 0 = 5*t - 174 - 6. Suppose -17*m = -80*m - 359 + 3383. Calculate the highest common factor of t and m.
12
Let q(t) = t**2 + 10*t - 52. Let h be q(4). Suppose 3*i + 4*x = 6*x + 154, 2*x + 202 = h*i. What is the highest common factor of i and 32?
16
Let m = 1679 - 1509. What is the greatest common divisor of 10 and m?
10
Let p be 25*3/(45/2346). Suppose -25*q + 35*q = p. Calculate the highest common divisor of 46 and q.
23
Let z be 2*18 + (1 - 3). Let m be (-2804)/(-2) + ((-132)/77)/(27/126). What is the highest common factor of m and z?
34
Let y(o) = 5*o**2 + 36*o + 12. Let m be y(-7). Suppose 3*c - 3*r - 153 = 0, m*c = -3*r - 7 + 270. What is the highest common divisor of c and 182?
26
Let p be ((-60)/70)/(2/7). Let c be ((-22)/p)/(62/1023). What is the highest common divisor of c and 22?
11
Let v(s) = -45*s**3 + 44*s**3 + 9 - 5*s**2 - 3*s + 4*s + 11. Let u be v(-8). Calculate the highest common factor of u and 36.
12
Let p = 751 - 489. Let l = -249 + p. Let d(y) = -16*y + 8. Let x be d(-6). What is the greatest common factor of x and l?
13
Let h be (2 - 55)/(11/(-121)). Let y = -22 + h. Calculate the highest common factor of 17 and y.
17
Let r be (-3)/6 - 6/(-12). Suppose h + 26*h - 4752 = r. Calculate the greatest common divisor of 66 and h.
22
Let h be ((-124)/(-22))/(((-46)/(-22))/23). What is the highest common divisor of h and 7843?
31
Suppose -6*w + 874 = 5*s - 2*w, 0 = -2*s - 2*w + 348. Let f = s - 101. Calculate the highest common factor of f and 70.
7
Let p = -200 + 206. Suppose -p*f - 5*u - 9 = -7*f, -4*f = 5*u - 61. What is the greatest common factor of 14 and f?
14
Suppose 50*j + 43*j = -80*j + 2595. What is the highest common divisor of 320 and j?
5
Let c = 30 - 28. Suppose 5*s - 75 = -i, -13 - c = -s - i. Suppose -3*w + 8*w = 2*y - 21, 3*y - 2*w = s. What is the greatest common divisor of 15 and y?
3
Let c(q) = 9*q**3 - q**2 + q + 504. Let s be c(0). What is the highest common factor of s and 1332?
36
Let p(x) = 86*x**2 + 4*x + 2. Let l be p(-2). Let n = 22236 - 22210. What is the greatest common divisor of n and l?
26
Let u = 101 - 93. Let p be 1/(-6) - 38/(-12). Suppose -3*v - p*z = -2*z - 266, -z + 354 = 4*v. What is the greatest common divisor of v and u?
8
Let g = 4868 + -4826. Calculate the highest common factor of g and 1722.
42
Let n = 7800 + 1760. What is the greatest common factor of 40 and n?
40
Let i be (-1876)/(-10) - -10*(-33)/550. What is the highest common factor of i and 649?
11
Let n(d) be the second derivative of -3*d**3/2 - 3*d**2 + 4*d + 2. Let q be n(-2). Calculate the highest common factor of 60 and q.
12
Let q(h) = -9*h + 57. Let a be q(5). Let b(i) = i**2 + 11*i + 12. Suppose -13 = -3*t + 14. Let k be b(t). What is the highest common divisor of k and a?
12
Suppose 12*z + 161 - 965 = 0. Suppose -z*t + 36*t = -868. What is the highest common factor of 308 and t?
28
Let u = -83 - -86. Suppose f = 3, 3*q - u*f - 195 - 282 = 0. What is the highest common divisor of q and 36?
18
Let p be 6/(-4) + 21 + (-89025)/(-50). Calculate the greatest common factor of p and 18.
18
Suppose -4*m - 5*f + 7*f = -3948, 2964 = 3*m - 2*f. Calculate the highest common factor of m and 24.
24
Let c(t) = -t**3 + 22*t**2 + 27*t + 13. Let s be c(22). Let u = -348 + s. Calculate the greatest common factor of u and 37.
37
Let y(p) be the first derivative of 80*p + 1 + p**3 + 11 - 84*p - 5*p**2 + 0*p**3. Let w be y(-4). Calculate the greatest common divisor of w and 21.
21
Let c = 798 + -694. What is the highest common factor of 4264 and c?
104
Suppose -4*x = 20, -14*o + 18*x = 15*x - 45781. What is the highest common divisor of 7 and o?
7
Let r(g) = 15*g - 144. Let j be r(10). Suppose 3*v - 57 = 2*z, z = 4*z - 9. Suppose -v*l + 4 = -19*l. What is the highest common factor of j and l?
2
Let o = 25 - 16. Let q(h) = 7*h - 10. Let x(n) = 15*n - 18. Let a(g) = -13*q(g) + 6*x(g). Let y be a(o). What is the greatest common divisor of 65 and y?
13
Let g be (-14226)/(-54) - 60/(-108). What is the highest common factor of 297 and g?
33
Let r be (2069 + -3)/2 - 2/1. Let m = 466 - r. Let u = -250 - m. Calculate the highest common factor of 35 and u.
35
Suppose 8*l - 4*l - 1684 = -4*i, -l + 2*i = -418. Calculate the highest common factor of l and 315.
105
Suppose 0 = 2*b - 11 - 9. Suppose 0 = 7*h - 0*h - 602. Let t = h + -56. What is the highest common divisor of t and b?
10
Let d(u) = -u**3 + 17*u**2 - 41*u + 952. Let n be d(17). Let h = -4 - -6. Suppose 60 = 2*i + h*i. Calculate the greatest common divisor of i and n.
15
Suppose 3*k - 310*b + 315*b = 157, -273 = -5*k + 3*b. Calculate the highest common divisor of k and 384.
6
Suppose -41*p = -109*p + 9520. What is the highest common factor of p and 28?
28
Let i(y) = 69*y**2 + 6. Let t be i(4). Let x = t - 660. Suppose -8*p + 11*p = x. What is the greatest common factor of 30 and p?
30
Suppose 4*b - 118 = -18. Let h = 83 + -44. Suppose h = -q + 89. Calculate the highest common factor of b and q.
25
Suppose -11 = 3*c - 4*x, -9 = 6*c - 7*c - 5*x. Let v be 256/(0 - (2 - 0)*c). What is the highest common factor of v and 12?
4
Let k be ((144/30)/(-2))/(5 + 316/(-60)). What is the highest common divisor of k and 726?
3
Let h = 8 - 8. Suppose 0 = 2*o - h*o - 60. Suppose 2*a - 3*a = -o. What is the highest common factor of a and 20?
10
Let z(d) = d**3 + 8*d**2 - 64*d - 286. Let r be z(-11). What is the greatest common divisor of 160 and r?
5
Let c(r) = -4*r**2 + 539*r + 149. Let h be c(135). What is the highest common divisor of h and 1036?
14
Let i(j) = -3*j + 53. Suppose 0 = -r - 27*d + 28*d + 20, 32 = r - 5*d. Let u be i(r). What is the greatest common divisor of u and 11?
1
Suppose 0 = 22*p - 18*p - 144. Suppose 47*s - 43*s - 432 = 0. Calculate the highest common divisor of p and s.
36
Let i = -676 - -1004. Let h = -267 + i. What is the highest common divisor of h and 1?
1
Let s be 12/16 + (-10)/(-8). Suppose 3*a + 20 = -s*a, 20 = -2*g - 4*a. Let z(u) = -5*u - 7. Let m be z(g). Calculate the highest common factor of m and 12.
3
Let i(x) = -9*x + 8. Let q be i(6). Let f = -1242 + 1438. Let j = f - q. What is the greatest common divisor of j and 22?
22
Let c(n) = 21*n + 1503. Let w be c(29). Calculate the greatest common divisor of w and 99.
33
Let y(o) be the first derivative of -o**4/4 + o**2 - o + 6. Let s be y(-4). Let n(b) = -4*b + 5. Let q be n(0). Calculate the highest common divisor of s and q.
5
Let o be (78/10)/(98/1470). Calculate the highest common factor of 23673 and o.